+ 2246064 = 738*x. What are the prime factors of x?
2, 3, 641
Suppose 0 = -4*w + 4*m - 1183 + 13403, -2*w + 5*m + 6098 = 0. Suppose -13*l + 1946 + w = 0. List the prime factors of l.
5, 7, 11
Let f = -9030 + 15945. What are the prime factors of f?
3, 5, 461
Suppose -3834 = -n - 60*t + 57*t, 4*n - 2*t - 15280 = 0. What are the prime factors of n?
2, 3, 7, 13
Let c(n) be the second derivative of n**3/2 - 35*n**2/2 + 10*n. Let r be c(17). Suppose -2*l - r + 116 = 0. List the prime factors of l.
2, 5
Let f = -89 + 16. Let q = 37 - f. Suppose 240 = 5*m - q. What are the prime factors of m?
2, 5, 7
Let i be -10*(6 - 33)/3. Suppose -2*g + 10 = 0, -b - b + 2*g = -i. List the prime factors of b.
2, 5
Let w be (-3 - -3 - -36)/(4/120). Let c = w + -720. What are the prime factors of c?
2, 3, 5
Suppose 113*t - t - 2436423 = 11*t. List the prime factors of t.
3, 11, 17, 43
What are the prime factors of 144/108*(16442/4 - -4)?
2, 13, 211
Suppose 0 = -3*z + 266 - 50. Let x = -72 + z. Suppose x = -3*n + 636 - 204. What are the prime factors of n?
2, 3
Suppose 4*t + 5*y - 132084 = 0, -3*t = 30*y - 29*y - 99063. List the prime factors of t.
3, 1223
Let c be 2/(-1) + 7/((-21)/(-684)). Let p = 256 - c. What are the prime factors of p?
2, 3, 5
Let p = -136 - -185. Suppose p = t - 393. List the prime factors of t.
2, 13, 17
Suppose -5*i - 455 = 3*y, 2*y - 5*i + 317 = -3. Let t = 269 + y. What are the prime factors of t?
2, 3, 19
Let c = 887 - 595. Suppose 510 + 60 = -2*n - 5*m, -n + m - c = 0. Let u = -207 - n. What are the prime factors of u?
83
List the prime factors of (-7 + (5 - (-112469)/(-14)))*140/(-15).
2, 7, 11, 487
Suppose 12*n + 18 = 6*n. Let a be (1 + 0)/(n/6 - -1). List the prime factors of (1 + (-130)/(-6))/(a/3).
2, 17
Let d(u) = -u**3 - 6*u**2 + 7*u - 2. Let l be d(-7). What are the prime factors of (-2)/l*(-815)/((-30)/6)?
163
Suppose -2*g + 37 = 2*g - 3*m, -3*g + 28 = -2*m. Let n(l) = -27 + 4*l**3 + g*l + 25*l**2 - 4*l**3 - l**3. List the prime factors of n(25).
223
Let o be (32/(-5))/(28/(-15120)). Suppose -9*s = -21*s + o. What are the prime factors of s?
2, 3
Let v(b) = -3926*b - 29. Let h be v(1). What are the prime factors of (3 + -4)/(h/(-660) - 6)?
2, 3, 11
What are the prime factors of 142646/6 - (-27)/((-486)/24)?
23773
Suppose j - 3344 = 5*f - 18725, -2*f = -2*j - 6154. List the prime factors of f.
2, 769
Suppose -x + 13 + 1 = -3*n, -2 = x + n. Suppose -y - 2*s = -1193, -x*y - 3*s + 8*s = -2359. What are the prime factors of y?
1187
Let j(q) = q + 1. Let v be (-24)/(-18) + 6/9. Let z be j(v). Suppose 5*w = 3*l + 198, -z*w - w = -3*l - 159. List the prime factors of w.
3, 13
Let n = -1557 + 3207. List the prime factors of n.
2, 3, 5, 11
Let i(k) = 5*k**2 - k - 14. Suppose 13 = -2*t + 25. Let x be i(t). Let n = -44 + x. List the prime factors of n.
2, 29
Let q(d) = 3*d + 14. Let r be q(-4). Suppose -2*v + r = -6. Suppose v*g + 536 = 4*k, -3*k - g + 362 = 4*g. List the prime factors of k.
3, 43
Let c = 5491 + 11763. List the prime factors of c.
2, 8627
Suppose 2*t + 29438 = 2*p, 3*p - 7*t + 14*t = 44217. What are the prime factors of p?
5, 19, 31
Let f(h) = 10*h. Let o be f(-2). Let s = 474 + -470. List the prime factors of (0 - -150)*s*(-4)/o.
2, 3, 5
Suppose 0 = 2*c + c + 3. Let s be (c - 1) + (-3 - -2). List the prime factors of -366*(s - 16/(-6)) + 1.
3, 41
Suppose 0*u - 20 = -4*o + 2*u, 2*o + u = 18. Let p = -34 + 38. Suppose 210 = -p*d + o*d. List the prime factors of d.
2, 5, 7
Let f(p) = -41*p + 32. Let o be f(-5). Let x = 410 - o. Let s = 267 - x. What are the prime factors of s?
2, 47
Let g(q) = -2*q + 3. Let z be g(-4). Let u(d) = 12*d - 53. Let r be u(z). Let o = r - -6. List the prime factors of o.
5, 17
Suppose 45075 + 27330 = 15*k. What are the prime factors of k?
3, 1609
Let q = 252 + 40. Let c = q + 421. What are the prime factors of c?
23, 31
Let j(y) = 55*y**2 + 93*y + 1333. List the prime factors of j(-16).
5, 557
Let u(m) = 15*m - 14. Suppose -5*g + 20 = 2*n, -3*g + 8*g + 15 = 5*n. Suppose -h = -2*h + n. List the prime factors of u(h).
61
What are the prime factors of (-2 - 4)/2*(-6257 + 13 + -25)?
3, 6269
Let w = 219 - -6689. List the prime factors of w.
2, 11, 157
Let u(j) = 21*j - 2. Let p(d) = 20*d - 3. Let x(o) = 4*p(o) - 5*u(o). Suppose 3*n = -4*s, 4*n - 5*s - 9 + 40 = 0. What are the prime factors of x(n)?
2, 7
Let y(u) = -u**3 - 6*u**2 + 222*u + 18. List the prime factors of y(-24).
2, 3, 281
Suppose 5*j + 29*l - 243210 = 34*l, -4*j = 2*l - 194592. What are the prime factors of j?
2, 13, 1871
Let j(s) = -s**2 + 3*s + 4. Let o be j(17). Let v = 501 + o. What are the prime factors of v?
3, 89
What are the prime factors of 22/6*(-1726 - 0)*(-31 - -25)?
2, 11, 863
Let g(f) = -38427*f - 1021. What are the prime factors of g(-1)?
2, 59, 317
List the prime factors of 8610 - (-13)/((-65)/(-60))*4/12.
2, 59, 73
Suppose -t + 2*i + 20984 + 48791 = 0, -t = 4*i - 69817. What are the prime factors of t?
3, 43, 541
Suppose -111*z + 108*z = -4*w + 10057, -z = 4*w - 10045. List the prime factors of w.
2, 157
Let z be -4 + 17 + 6/2 + -1. Suppose z*q - 13*q = 2. What are the prime factors of (927/(-18))/(q/(-2))?
103
Let m(a) = -3*a - 23. Let d be m(-9). Suppose d*k - 7*k = 0. Suppose -3*y - 122 + 356 = k. What are the prime factors of y?
2, 3, 13
Let p(z) = 265*z**2 - 29*z - 2. Let r(x) = -7*x + 30. Let j be r(4). List the prime factors of p(j).
2, 5
Let g(h) = -h**3 + 46*h**2 - 185*h - 52. What are the prime factors of g(39)?
2, 5, 13
Let w(y) = -y**2 + 2. Let v(h) = 261*h**2 - 13*h - 8. Let o(i) = v(i) - 3*w(i). What are the prime factors of o(-1)?
263
List the prime factors of (-8)/128 - (-1133197)/208.
2, 3, 227
List the prime factors of -3 + (-93516)/(-20) + 1/(-25)*-5.
4673
Suppose -2*i + 7*i = 0. Suppose i = -h - h - 18. What are the prime factors of (180/27)/((-1)/h)?
2, 3, 5
Suppose 16 = 3*c - 5. Suppose c*p - 1580 = 2*p. List the prime factors of p.
2, 79
Let q = 2838 + -1542. Let k = q - 806. Let d = k + -307. What are the prime factors of d?
3, 61
Suppose -3*l = 0, -5*l + 16186 - 2564 = 2*f. What are the prime factors of f?
7, 139
Suppose 2*k - 3*k - 26 = 0. Suppose 0 = -3*n + 13*n - 650. Let m = n + k. List the prime factors of m.
3, 13
Suppose -3 = -2*a - 245. Let i be (10 + -8)*(-4 - -4 - 2). List the prime factors of (-1)/(-2)*i*a/2.
11
Let f = -741 + 1167. Suppose -5*o = 15, 2*s = -s + o + f. Suppose 5*r = s + 149. List the prime factors of r.
2, 29
Let a(s) = -242*s - 171. What are the prime factors of a(-19)?
19, 233
Let a be (2 + -3)/(7/42). What are the prime factors of 4/32*a - 1375/(-4)?
7
Let f(m) = m**3 + 12*m**2 + 2*m - 25. Let i be f(-8). Suppose -3*r = l - i, -5*l + 406 - 41 = 5*r. List the prime factors of r.
71
Suppose 4*j + 4*d = 1704, 3*j + d + 2106 = 8*j. Let t = 1852 - 1850. Suppose 5*m - j = -4*n, 54 - 224 = -t*m - n. What are the prime factors of m?
2, 43
Let j(x) = -x**3 + 11*x**2 + 44*x - 9. Let i(a) = 2*a**3 - 23*a**2 - 88*a + 17. Let f(m) = -6*i(m) - 13*j(m). What are the prime factors of f(10)?
3, 5
Suppose -3*j - 4*k + 19199 = 0, -6*k = -2*j - 2*k + 12826. What are the prime factors of j?
3, 5, 7, 61
Let z(l) = 9*l - 35. Let u be z(-18). Let d = u - -314. List the prime factors of d.
3, 13
Let f = -2005 + 3903. List the prime factors of f.
2, 13, 73
Let y(i) = 4*i. Let a(z) = -7*z. Let c(n) = 3*a(n) + 5*y(n). Let o(f) = -8*f - 100. Let x(h) = 4*c(h) - o(h). What are the prime factors of x(0)?
2, 5
Suppose 5*f - 24851 = -q + 4*q, 0 = f + 2*q - 4965. List the prime factors of f.
4969
Let r be (-2)/3*(-5 + 2). Let k be (-32)/(-24)*(-345)/r. Let z = -117 - k. What are the prime factors of z?
113
Let i(f) = -3*f - 117. Let c be i(-11). Let n(t) = 56*t**3 - t - 1. Let w be n(-1). Let v = w - c. List the prime factors of v.
2, 7
Suppose 3*k = -11*j + 6*j + 39496, 23700 = 3*j + 3*k. What are the prime factors of j?
2, 11, 359
Let f be 10626/15 - (-3)/5. Let d = f - 412. What are the prime factors of d?
3, 11
Let u(x) = x**2 + 5*x + 4. Let z be u(-5). Let h(m) = 3*m + m - 281*m**3 - 13 + 8 + 283*m**3 + 3*m. List the prime factors of h(z).
151
Let x(k) = -1 + 10*k + 39*k**2 + 5 - 6. List the prime factors of x(3).
379
Let y(d) = -d**2 + 3*d + 19. Let v be y(5). Suppose -15*m = -18*m + v. Suppo